c, -c - 3*c = -4*v - 68. Let k = c - -4. Calculate the greatest common divisor of 46 and k.
23
Let t be (-4)/(-16) - 598/(-8). What is the greatest common factor of t and 15?
15
Suppose 0 + 3 = -k, -2*d + 3*k + 17 = 0. Let y(h) = 2*h + 1. Let n be y(d). What is the highest common factor of 9 and n?
9
Suppose -3*g = -4*g + 2*k + 29, g + 2*k - 41 = 0. What is the greatest common factor of 21 and g?
7
Suppose -25 = -3*u - 10. What is the highest common factor of 25 and u?
5
Let y = -85 + 145. What is the highest common divisor of y and 150?
30
Let d(u) = 4*u - 1. Let r(k) = -k**3 + k**2 + k - 3. Let i be r(0). Let h be d(i). Let a = h - -27. What is the greatest common divisor of a and 70?
14
Let i(r) = 4*r**2 - 4*r - 8. Let m = 4 + 4. Let j be i(m). What is the highest common factor of j and 24?
24
Let v be 9 - -11 - (1 + 2). Let r(q) = -3*q**2 + 3. Let o be r(4). Let n be o/((-9)/3) + 2. Calculate the highest common factor of v and n.
17
Let q be -1 + 35 - 0/2. What is the greatest common factor of q and 85?
17
Let z be (-252)/(-27) + (2 - (-8)/(-6)). What is the highest common divisor of 50 and z?
10
Suppose 112 = 3*t + t. Let o be (9 + -3)/(1/7). Calculate the greatest common factor of o and t.
14
Suppose w - 4 + 0 = 0. Calculate the greatest common factor of 12 and w.
4
Let r be 7/3 - 8/24. Suppose -4*b = -r*g - 6, 3*b + 0*g - 8 = 5*g. Let j be (-7)/(1*-1*1). What is the highest common divisor of j and b?
1
Let b be 2 + 0 + -2 + 1. Calculate the highest common factor of 5 and b.
1
Let f be (6 + -5)/(1/17). Calculate the greatest common factor of f and 68.
17
Suppose 4*k = -6 - 14, k = -2*q - 3. Suppose 0 = -5*y + q + 39. Suppose 25 = 2*u + 3*a, 0 = -5*a + 5 + 10. Calculate the greatest common divisor of u and y.
8
Let i be 154/(-6) - (-2)/3. Let g = 39 + i. What is the highest common factor of g and 70?
14
Suppose 0 = -u - h + 38, 0*u = 3*u - h - 110. Calculate the highest common divisor of 296 and u.
37
Suppose -p - 3*y - y = 36, 0 = 4*p + 2*y + 144. Let k be (p/(-10))/(1/5). Suppose -2*w - w = -k. What is the greatest common factor of 30 and w?
6
Suppose 0*y - 75 = -y. What is the highest common factor of y and 15?
15
Let w(j) = -j + 2. Let y be w(-6). Suppose -4*n + 5*k + 151 = 0, -n - n + 68 = -4*k. Let x = -24 + n. Calculate the highest common factor of y and x.
4
Let i = 46 - 13. Suppose s - 5*d - 82 = 0, 0 = s + 2*d - i - 63. Calculate the highest common factor of 23 and s.
23
Let u(a) = a**2 - 3*a + 12. Let g be u(3). Calculate the greatest common divisor of 108 and g.
12
Let v(f) = 25*f - 11. Let q be v(2). What is the greatest common factor of q and 26?
13
Suppose -4*x + 280 = -0*x. Suppose 5*z + 0*z + 5*h - 45 = 0, 39 = 4*z + h. Suppose z = 2*c - c. Calculate the greatest common divisor of x and c.
10
Suppose 2*v + 20 = 7*v. Calculate the highest common factor of 44 and v.
4
Suppose -3*s + 1 + 5 = 0. Suppose s*i - 180 = -0*i. Let c(x) = -3*x - 5. Let v be c(-5). Calculate the highest common divisor of i and v.
10
Let j be -1 + (1 - 1 - -2). Suppose -v - j = 3. Let k be v/14 + 65/7. Calculate the greatest common divisor of 3 and k.
3
Suppose 0 = -4*p - x + 435, 4*p + 4*x - 444 = -0*x. Calculate the greatest common factor of p and 36.
36
Suppose 0*l + 81 = 3*l. Suppose 2*s - v = -3*v + 218, 3*v + 105 = s. What is the highest common divisor of s and l?
27
Suppose -4*d - 2280 = d. Let r be (4/8)/((-3)/d). What is the greatest common divisor of 19 and r?
19
Let t(h) = 11*h - 2. Let i be t(4). Suppose -3*c = -4*a + 134, 3*a = -3*c - i - 120. Let m = c + 95. What is the greatest common divisor of m and 30?
15
Let r(y) = -8*y - 22. Let a be r(-5). What is the highest common factor of a and 27?
9
Let h be 15 + -1 + 1 + 1. Suppose 5*i - 804 = 2*i. Let b = i - 156. What is the greatest common divisor of b and h?
16
Let m(n) = -n - n - 1 + 5. Let k be m(3). Let o be 6 - 1*(k - -2). What is the greatest common divisor of 42 and o?
6
Let n(d) = d**2 - 12. Let c be n(-6). Calculate the highest common divisor of 6 and c.
6
Let h be (-3 + 0)/(3/(-154)). Let q(g) = 14*g**3 - g**2 + g. Let j be q(1). Calculate the highest common factor of j and h.
14
Let u(l) = -3*l + 2. Suppose -3*o + s - 12 = -0*o, 4*o + 5*s + 16 = 0. Let x be u(o). Calculate the highest common factor of x and 126.
14
Let l be 58*((-2)/(-4))/1. What is the greatest common factor of l and 116?
29
Suppose -3*z + 47 = j, -5*z = -5*j - z + 159. Suppose 8*p - 35 = 3*p. What is the greatest common factor of j and p?
7
Let s = -3 - -2. Let b = 2 - s. Let h be (-3)/b - -13 - -2. What is the highest common factor of h and 14?
14
Let t = -44 + 50. What is the greatest common divisor of t and 30?
6
Suppose v - 4 = -r - 6, -17 = v + 4*r. Suppose 3 = 2*j - v. Calculate the highest common factor of 1 and j.
1
Let s(o) = -4*o + 5. Let g be s(-7). Suppose -5*y + g = -2. What is the greatest common divisor of y and 21?
7
Let k(v) = -v**3 - 4*v**2 + 2*v - 4. Let r be k(-5). Let t = r - -5. What is the greatest common divisor of 64 and t?
16
Suppose 5*q = s - 3*s + 8, q = 5*s - 20. Let m be -33*(4/(-3))/s. Calculate the highest common factor of m and 33.
11
Let u = 111 + -59. Suppose -5*v + 4 = -3*v. Suppose -v*h + u + 4 = 0. What is the greatest common divisor of h and 42?
14
Let f be ((-24)/10)/((-3)/10). Suppose -6*i + 8*i = 0. Suppose -4*v - 2*v + 24 = i. What is the highest common factor of f and v?
4
Let j(i) = i**2 + 10*i + 4. Let s(y) = y**2 + 10*y + 4. Let l(v) = -7*j(v) + 6*s(v). Let h be l(-9). Calculate the greatest common divisor of 5 and h.
5
Let c = -11 - -9. Let q be 2*(-1)/(c/12). Suppose 0 = -5*x + 90 + 210. What is the greatest common divisor of x and q?
12
Suppose -3*d + 0*o + 3 = -2*o, 0 = 2*d - o - 3. Suppose -d*a = -0*a + x - 17, -a + 2*x = -8. Let m = 89 + -29. What is the highest common factor of m and a?
6
Let k(y) = -3*y**2 + 5*y + 6. Let f be k(-8). Let v be (-1)/1*(6 + f). Calculate the highest common divisor of 20 and v.
20
Let s = 2 + -5. Let m be 1*(s - -5*3). What is the highest common factor of m and 36?
12
Let j be (14/56)/(-2 - 411/(-204)). Let q be (-1)/((-6)/(-4) - 2). Let z(g) = 3*g**2 + 2*g + 1. Let c be z(q). What is the greatest common divisor of j and c?
17
Suppose 4*n = -8, d + 5*n = -2*d + 29. Suppose -5*g - 147 = -732. What is the highest common divisor of d and g?
13
Let j be 715/26*1*2. Calculate the greatest common factor of 5 and j.
5
Suppose -4*a + 86 = 458. Let p = -45 - a. Calculate the highest common factor of p and 32.
16
Suppose -x - 2 = -7. Let f = 8 - x. Suppose 0 = -f*g - 4*n + 70, 0 = 2*g + 2*n + n - 48. What is the highest common factor of g and 36?
18
Let f = -154 - -202. What is the highest common factor of f and 4?
4
Suppose 5*c - 5 = -0*c. Let z be 50/(-1 - (c - 3)). Calculate the greatest common factor of 20 and z.
10
Let q(d) = -4 + 9*d - d**2 + 7 + 1. Let w be q(6). What is the highest common divisor of w and 55?
11
Let l = 9 + 0. Let f be 8*4/(8/3). Suppose -4*q - 2*k + 12 + 8 = 0, -3*k = -f. What is the highest common divisor of l and q?
3
Suppose 2*x - 10 = -2*q - 0*x, 2*x = 6. Suppose -18 = -q*d + 4. Calculate the highest common divisor of d and 11.
11
Let y = -1 + 2. Suppose -5*t + t = 5*b - 39, -5*b + 6 = t. Suppose t*s - 9*s - 16 = 0. Calculate the greatest common divisor of y and s.
1
Suppose -t - 7 = 5*a + 2, 3*a = -15. What is the highest common factor of 16 and t?
16
Suppose -5*b + 3*n + 19 = -3*b, -4*b + 2*n = -18. Suppose -4*v = -b*v - 24. Calculate the highest common divisor of v and 8.
4
Let v be (-8)/6*(105/20)/(-7). Let b(g) = g**3 + g**2 + 2. Let k be b(0). Calculate the highest common divisor of v and k.
1
Suppose -2*o + 1 = s - 0*o, -4*s + 4 = -o. Let q = s + 4. Let d be 1202/10 + (-1)/q. What is the highest common divisor of 15 and d?
15
Let j be (-1)/(2/(-10) + 0). Let t(f) = 2*f - 11. Let g be t(8). Calculate the highest common factor of j and g.
5
Suppose -4*h + 5 = -h - 2*z, 5*z = h + 20. Suppose h = n - 6*n, -2*n - 37 = -5*c. What is the highest common divisor of c and 56?
7
Suppose v = 5*g - 31, -g - 2*v + 3 + 1 = 0. Suppose 2*l + g = -s + 13, 4*s = -4. Suppose -5*r + 3*r = -l. What is the highest common factor of 5 and r?
1
Let f = 131 + -71. Calculate the greatest common divisor of 24 and f.
12
Supp